{"id":154,"date":"2015-07-16T09:12:44","date_gmt":"2015-07-16T09:12:44","guid":{"rendered":"http:\/\/test.kriesi.at\/minimal-portfolio\/?page_id=154"},"modified":"2025-11-10T19:03:34","modified_gmt":"2025-11-10T18:03:34","slug":"about","status":"publish","type":"page","link":"https:\/\/ica-biuro.pl\/index.php\/about\/","title":{"rendered":"O nas"},"content":{"rendered":"\n<style type=\"text\/css\" data-created_by=\"avia_inline_auto\" id=\"style-css-av-145nae-6e5e252382151ee016ca82ad5fa04de3\">\n.avia-section.av-145nae-6e5e252382151ee016ca82ad5fa04de3{\nbackground-repeat:no-repeat;\nbackground-image:url(https:\/\/ica-biuro.pl\/wp-content\/uploads\/2018\/05\/hero-skyscraper.jpg);\nbackground-position:50% 50%;\nbackground-attachment:scroll;\n}\n.avia-section.av-145nae-6e5e252382151ee016ca82ad5fa04de3 .av-section-color-overlay{\nopacity:0.6;\nbackground-color:#084a79;\n}\n<\/style>\n<div id='av_section_1'  class='avia-section av-145nae-6e5e252382151ee016ca82ad5fa04de3 main_color avia-section-default avia-no-border-styling  avia-builder-el-0  el_before_av_section  avia-builder-el-first  avia-full-stretch avia-bg-style-scroll av-section-color-overlay-active av-minimum-height av-minimum-height-custom av-height-custom  container_wrap fullsize'  data-section-bg-repeat='stretch' data-av_minimum_height_px='230'><div class=\"av-section-color-overlay-wrap\"><div class=\"av-section-color-overlay\"><\/div><div class='container av-section-cont-open' style='height:230px'><main  role=\"main\" itemprop=\"mainContentOfPage\"  class='template-page content  av-content-full alpha units'><div class='post-entry post-entry-type-page post-entry-154'><div class='entry-content-wrapper clearfix'>\n\n<style type=\"text\/css\" data-created_by=\"avia_inline_auto\" id=\"style-css-av-jgf3pjem-ee2a691ebc0a9a100bc99d372a9c72ca\">\n#top .flex_column.av-jgf3pjem-ee2a691ebc0a9a100bc99d372a9c72ca{\nmargin-top:0px;\nmargin-bottom:0px;\n}\n.flex_column.av-jgf3pjem-ee2a691ebc0a9a100bc99d372a9c72ca{\nborder-radius:0px 0px 0px 0px;\npadding:0px 0px 0px 0px;\n}\n.responsive #top #wrap_all .flex_column.av-jgf3pjem-ee2a691ebc0a9a100bc99d372a9c72ca{\nmargin-top:0px;\nmargin-bottom:0px;\n}\n<\/style>\n<div  class='flex_column av-jgf3pjem-ee2a691ebc0a9a100bc99d372a9c72ca av_one_full  avia-builder-el-1  avia-builder-el-no-sibling  first flex_column_div av-animated-generic left-to-right av-zero-column-padding  '     ><style type=\"text\/css\" data-created_by=\"avia_inline_auto\" id=\"style-css-av-jgs0mam9-c7e080cb40181137d3f3672572383b71\">\n#top .av-special-heading.av-jgs0mam9-c7e080cb40181137d3f3672572383b71{\nmargin:0 0 0 0;\npadding-bottom:0;\ncolor:#ffffff;\nfont-size:4vw;\n}\nbody .av-special-heading.av-jgs0mam9-c7e080cb40181137d3f3672572383b71 .av-special-heading-tag .heading-char{\nfont-size:25px;\n}\n#top #wrap_all .av-special-heading.av-jgs0mam9-c7e080cb40181137d3f3672572383b71 .av-special-heading-tag{\nfont-size:4vw;\n}\n.av-special-heading.av-jgs0mam9-c7e080cb40181137d3f3672572383b71 .special-heading-inner-border{\nborder-color:#ffffff;\n}\n.av-special-heading.av-jgs0mam9-c7e080cb40181137d3f3672572383b71 .av-subheading{\nfont-size:25px;\n}\n\n@media only screen and (min-width: 480px) and (max-width: 767px){ \n#top #wrap_all .av-special-heading.av-jgs0mam9-c7e080cb40181137d3f3672572383b71 .av-special-heading-tag{\nfont-size:0.8em;\n}\n}\n\n@media only screen and (max-width: 479px){ \n#top #wrap_all .av-special-heading.av-jgs0mam9-c7e080cb40181137d3f3672572383b71 .av-special-heading-tag{\nfont-size:0.8em;\n}\n}\n<\/style>\n<div  class='av-special-heading av-jgs0mam9-c7e080cb40181137d3f3672572383b71 av-special-heading-h2 custom-color-heading blockquote modern-quote modern-centered  avia-builder-el-2  avia-builder-el-no-sibling  av-inherit-size'><h2 class='av-special-heading-tag '  itemprop=\"headline\"  >O naszej firmie i pracownikach<\/h2><div class=\"special-heading-border\"><div class=\"special-heading-inner-border\"><\/div><\/div><\/div><\/div><\/div><\/div><\/main><!-- close content main element --><\/div><\/div><\/div><div id='av_section_2'  class='avia-section av-qet8u-83147d0d40d9d249d4aacaaedd222aa0 main_color avia-section-huge avia-no-border-styling  avia-builder-el-3  el_after_av_section  avia-builder-el-last  avia-bg-style-scroll container_wrap fullsize'  ><div class='container av-section-cont-open' ><div class='template-page content  av-content-full alpha units'><div class='post-entry post-entry-type-page post-entry-154'><div class='entry-content-wrapper clearfix'>\n\n<style type=\"text\/css\" data-created_by=\"avia_inline_auto\" id=\"style-css-av-9wkhy-5a7b8f1de5feaad957d748638c881472\">\n#top .flex_column.av-9wkhy-5a7b8f1de5feaad957d748638c881472{\nmargin-top:0px;\nmargin-bottom:0px;\n}\n.flex_column.av-9wkhy-5a7b8f1de5feaad957d748638c881472{\nborder-radius:3px 3px 3px 3px;\npadding:0px 0px 0px 0px;\n}\n.responsive #top #wrap_all .flex_column.av-9wkhy-5a7b8f1de5feaad957d748638c881472{\nmargin-top:0px;\nmargin-bottom:0px;\n}\n<\/style>\n<div  class='flex_column av-9wkhy-5a7b8f1de5feaad957d748638c881472 av_one_third  avia-builder-el-4  el_before_av_one_third  avia-builder-el-first  first flex_column_div av-animated-generic left-to-right av-zero-column-padding  '     ><p>\n<style type=\"text\/css\" data-created_by=\"avia_inline_auto\" id=\"style-css-av-uyrai-f68676fb7fb9837bbc36647ebf7c3f8e\">\n#top .av-special-heading.av-uyrai-f68676fb7fb9837bbc36647ebf7c3f8e{\nmargin:15px 0 0 0;\npadding-bottom:10px;\n}\nbody .av-special-heading.av-uyrai-f68676fb7fb9837bbc36647ebf7c3f8e .av-special-heading-tag .heading-char{\nfont-size:25px;\n}\n.av-special-heading.av-uyrai-f68676fb7fb9837bbc36647ebf7c3f8e .av-subheading{\nfont-size:15px;\n}\n<\/style>\n<div  class='av-special-heading av-uyrai-f68676fb7fb9837bbc36647ebf7c3f8e av-special-heading-h2 blockquote modern-quote  avia-builder-el-5  el_before_av_textblock  avia-builder-el-first '><h2 class='av-special-heading-tag '  itemprop=\"headline\"  >Firma &#8230;<\/h2><div class=\"special-heading-border\"><div class=\"special-heading-inner-border\"><\/div><\/div><\/div><br \/>\n<section  class='av_textblock_section av-jgds8wgh-a32de2dfd5ffe393456a61bf7cebe81a '   itemscope=\"itemscope\" itemtype=\"https:\/\/schema.org\/CreativeWork\" ><div class='avia_textblock'  itemprop=\"text\" ><p>Nasza historia si\u0119ga roku 2003, kiedy Iwona Troka postanowi\u0142a \u015bwiadczy\u0107 us\u0142ugi ksi\u0119gowe w formie biura rachunkowego i zbudowa\u0107 zesp\u00f3\u0142 os\u00f3b z pasj\u0105 do tego zawodu. Po wielu latach w 2022 roku zaproponowa\u0142a wsp\u00f3\u0142udzia\u0142 w sp\u00f3\u0142ce z o.o. pracownikom z najd\u0142u\u017cszym sta\u017cem i tak powsta\u0142a <strong>ICA sp. z o.o.<\/strong><\/p>\n<p>Nazwa ma swoje \u017ar\u00f3d\u0142o w pierwszych literach imion trzech wsp\u00f3lniczek: <strong><em>Iwona, Celina i Asia<\/em><\/strong>, kt\u00f3re stanowi\u0105 trzon firmy. Tworzymy zesp\u00f3\u0142 os\u00f3b zaanga\u017cowanych w rzeteln\u0105 obs\u0142ug\u0119 ksi\u0119gow\u0105, podatkow\u0105 i kadrow\u0105.<\/p>\n<\/div><\/section><\/p><\/div>\n<style type=\"text\/css\" data-created_by=\"avia_inline_auto\" id=\"style-css-av-9wkhy-12-585291900a9b04d1481f9bb84ddc2f8b\">\n#top .flex_column.av-9wkhy-12-585291900a9b04d1481f9bb84ddc2f8b{\nmargin-top:0px;\nmargin-bottom:0px;\n}\n.flex_column.av-9wkhy-12-585291900a9b04d1481f9bb84ddc2f8b{\nborder-radius:3px 3px 3px 3px;\npadding:0px 0px 0px 0px;\n}\n.responsive #top #wrap_all .flex_column.av-9wkhy-12-585291900a9b04d1481f9bb84ddc2f8b{\nmargin-top:0px;\nmargin-bottom:0px;\n}\n<\/style>\n<div  class='flex_column av-9wkhy-12-585291900a9b04d1481f9bb84ddc2f8b av_one_third  avia-builder-el-7  el_after_av_one_third  el_before_av_one_third  flex_column_div av-animated-generic left-to-right av-zero-column-padding  '     ><p>\n<style type=\"text\/css\" data-created_by=\"avia_inline_auto\" id=\"style-css-av-sq7lm-53fd390369c603f58975a0dcd309b39b\">\n#top .av-special-heading.av-sq7lm-53fd390369c603f58975a0dcd309b39b{\nmargin:15px 0 0 0;\npadding-bottom:10px;\n}\nbody .av-special-heading.av-sq7lm-53fd390369c603f58975a0dcd309b39b .av-special-heading-tag .heading-char{\nfont-size:25px;\n}\n.av-special-heading.av-sq7lm-53fd390369c603f58975a0dcd309b39b .av-subheading{\nfont-size:15px;\n}\n<\/style>\n<div  class='av-special-heading av-sq7lm-53fd390369c603f58975a0dcd309b39b av-special-heading-h2 blockquote modern-quote  avia-builder-el-8  el_before_av_textblock  avia-builder-el-first '><h2 class='av-special-heading-tag '  itemprop=\"headline\"  >Nasza misja &#8230;<\/h2><div class=\"special-heading-border\"><div class=\"special-heading-inner-border\"><\/div><\/div><\/div><br \/>\n<section  class='av_textblock_section av-jgds8wgh-11-d73123d9db835586e202653226134f48 '   itemscope=\"itemscope\" itemtype=\"https:\/\/schema.org\/CreativeWork\" ><div class='avia_textblock'  itemprop=\"text\" ><p>Nasza misja <strong><em>Ksi\u0119gowo\u015b\u0107 to nie tylko liczby \u2013 to przede wszystkim ludzie \u2013 <\/em><\/strong>dbamy przede wszystkim o Pa\u0144stwa bezpiecze\u0144stwo i spok\u00f3j w zobowi\u0105zaniach publiczno-prawnych prowadz\u0105c ksi\u0119gowo\u015b\u0107 w rzetelny spos\u00f3b, zgodnie z przepisami prawa podatkowego i ustaw\u0105 o rachunkowo\u015bci. W tym czasie Pa\u0144stwo mog\u0105 skupi\u0107 swoj\u0105 uwag\u0119 i po\u015bwi\u0119ci\u0107 sw\u00f3j cenny czas na prowadzenie w\u0142asnego biznesu.<\/p>\n<\/div><\/section><\/p><\/div>\n<style type=\"text\/css\" data-created_by=\"avia_inline_auto\" id=\"style-css-av-9wkhy-10-5e1a033e0924c49031e87a618d5a5447\">\n#top .flex_column.av-9wkhy-10-5e1a033e0924c49031e87a618d5a5447{\nmargin-top:0px;\nmargin-bottom:0px;\n}\n.flex_column.av-9wkhy-10-5e1a033e0924c49031e87a618d5a5447{\nborder-radius:3px 3px 3px 3px;\npadding:0px 0px 0px 0px;\n}\n.responsive #top #wrap_all .flex_column.av-9wkhy-10-5e1a033e0924c49031e87a618d5a5447{\nmargin-top:0px;\nmargin-bottom:0px;\n}\n<\/style>\n<div  class='flex_column av-9wkhy-10-5e1a033e0924c49031e87a618d5a5447 av_one_third  avia-builder-el-10  el_after_av_one_third  el_before_av_hr  flex_column_div av-animated-generic left-to-right av-zero-column-padding  '     ><p>\n<style type=\"text\/css\" data-created_by=\"avia_inline_auto\" id=\"style-css-av-m0tsa-d52d2f829e29d6f235726809e7a28b25\">\n#top .av-special-heading.av-m0tsa-d52d2f829e29d6f235726809e7a28b25{\nmargin:15px 0 0 0;\npadding-bottom:10px;\n}\nbody .av-special-heading.av-m0tsa-d52d2f829e29d6f235726809e7a28b25 .av-special-heading-tag .heading-char{\nfont-size:25px;\n}\n.av-special-heading.av-m0tsa-d52d2f829e29d6f235726809e7a28b25 .av-subheading{\nfont-size:15px;\n}\n<\/style>\n<div  class='av-special-heading av-m0tsa-d52d2f829e29d6f235726809e7a28b25 av-special-heading-h2 blockquote modern-quote  avia-builder-el-11  el_before_av_textblock  avia-builder-el-first '><h2 class='av-special-heading-tag '  itemprop=\"headline\"  >Nasi pracownicy &#8230;<\/h2><div class=\"special-heading-border\"><div class=\"special-heading-inner-border\"><\/div><\/div><\/div><br \/>\n<section  class='av_textblock_section av-jgds8wgh-9-9127a8481292e7cb94436633d58a603b '   itemscope=\"itemscope\" itemtype=\"https:\/\/schema.org\/CreativeWork\" ><div class='avia_textblock'  itemprop=\"text\" ><p>Zale\u017cy nam tak\u017ce na rozwoju naszych pracownik\u00f3w, st\u0105d podnosz\u0105 oni swoje kwalifikacje na kursach i szkoleniach, popartych stosownymi certyfikatami. Maj\u0105 r\u00f3wnie\u017c dost\u0119p do bran\u017cowej prasy z bie\u017c\u0105cymi interpretacjami s\u0105d\u00f3w i urz\u0119d\u00f3w. \u00a0Naszym celem jest posiadanie aktualnej wiedzy o zmianach podatkowych i w prawie pracy.<\/p>\n<\/div><\/section><\/p><\/div>\n<style type=\"text\/css\" data-created_by=\"avia_inline_auto\" id=\"style-css-av-jgf4q5kq-518b453de73dcc5d37eea92035c06c19\">\n#top .hr.av-jgf4q5kq-518b453de73dcc5d37eea92035c06c19{\nmargin-top:80px;\nmargin-bottom:90px;\n}\n.hr.av-jgf4q5kq-518b453de73dcc5d37eea92035c06c19 .hr-inner{\nwidth:50px;\nborder-color:#d3d3d3;\nmax-width:45%;\n}\n.hr.av-jgf4q5kq-518b453de73dcc5d37eea92035c06c19 .av-seperator-icon{\ncolor:#072f4c;\n}\n.hr.av-jgf4q5kq-518b453de73dcc5d37eea92035c06c19 .av-seperator-icon.avia-svg-icon svg:first-child{\nfill:#072f4c;\nstroke:#072f4c;\n}\n<\/style>\n<div  class='hr av-jgf4q5kq-518b453de73dcc5d37eea92035c06c19 hr-custom  avia-builder-el-13  el_after_av_one_third  el_before_av_one_half  hr-center hr-icon-yes'><span class='hr-inner inner-border-av-border-thin'><span class=\"hr-inner-style\"><\/span><\/span><span class='av-seperator-icon avia-iconfont avia-font-justice' data-av_icon='\uf119' data-av_iconfont='justice' ><\/span><span class='hr-inner inner-border-av-border-thin'><span class=\"hr-inner-style\"><\/span><\/span><\/div>\n<div class='flex_column_table av-9wkhy-8-ca8369ce963db5acbd37ffc61d8f7f73 sc-av_one_half av-equal-height-column-flextable'>\n<style type=\"text\/css\" data-created_by=\"avia_inline_auto\" id=\"style-css-av-9wkhy-8-ca8369ce963db5acbd37ffc61d8f7f73\">\n#top .flex_column_table.av-equal-height-column-flextable.av-9wkhy-8-ca8369ce963db5acbd37ffc61d8f7f73{\nmargin-top:0px;\nmargin-bottom:0px;\n}\n.flex_column.av-9wkhy-8-ca8369ce963db5acbd37ffc61d8f7f73{\nborder-radius:3px 3px 3px 3px;\npadding:40px 40px 40px 40px;\nbackground-color:#094978;\nbackground:linear-gradient( to top right, #094978, #105e96 );\n}\n<\/style>\n<div  class='flex_column av-9wkhy-8-ca8369ce963db5acbd37ffc61d8f7f73 av_one_half  avia-builder-el-14  el_after_av_hr  el_before_av_one_half  first flex_column_table_cell av-equal-height-column av-align-middle av-animated-generic left-to-right  '     ><p>\n<style type=\"text\/css\" data-created_by=\"avia_inline_auto\" id=\"style-css-av-jgf8v45f-5038d65e0557a91c3f218041b07c8437\">\n.av_font_icon.av-jgf8v45f-5038d65e0557a91c3f218041b07c8437{\ncolor:#ffffff;\nborder-color:#ffffff;\n}\n.avia-svg-icon.av-jgf8v45f-5038d65e0557a91c3f218041b07c8437 svg:first-child{\nstroke:#ffffff;\nfill:#ffffff;\n}\n.av_font_icon.av-jgf8v45f-5038d65e0557a91c3f218041b07c8437 .av-icon-char{\nfont-size:70px;\nline-height:70px;\n}\n<\/style>\n<span  class='av_font_icon av-jgf8v45f-5038d65e0557a91c3f218041b07c8437 avia_animate_when_visible av-icon-style- avia-icon-pos-center avia-iconfont avia-font-justice avia-icon-animate'><span class='av-icon-char' data-av_icon='\uf106' data-av_iconfont='justice' aria-hidden=\"true\" ><\/span><\/span><br \/>\n\n<style type=\"text\/css\" data-created_by=\"avia_inline_auto\" id=\"style-css-av-f0pea-68588262853258e8b89bbdbf9d321ddd\">\n#top .av-special-heading.av-f0pea-68588262853258e8b89bbdbf9d321ddd{\nmargin:25px 0 0 0;\npadding-bottom:10px;\ncolor:#ffffff;\n}\nbody .av-special-heading.av-f0pea-68588262853258e8b89bbdbf9d321ddd .av-special-heading-tag .heading-char{\nfont-size:25px;\n}\n.av-special-heading.av-f0pea-68588262853258e8b89bbdbf9d321ddd .special-heading-inner-border{\nborder-color:#ffffff;\n}\n.av-special-heading.av-f0pea-68588262853258e8b89bbdbf9d321ddd .av-subheading{\nfont-size:15px;\n}\n<\/style>\n<div  class='av-special-heading av-f0pea-68588262853258e8b89bbdbf9d321ddd av-special-heading-h2 custom-color-heading blockquote modern-quote modern-centered  avia-builder-el-16  el_after_av_font_icon  el_before_av_textblock '><h2 class='av-special-heading-tag '  itemprop=\"headline\"  >Zarz\u0105d<\/h2><div class=\"special-heading-border\"><div class=\"special-heading-inner-border\"><\/div><\/div><\/div><br \/>\n\n<style type=\"text\/css\" data-created_by=\"avia_inline_auto\" id=\"style-css-av-jgds8wgh-7-2c15bddfb884801182d145524de99fa7\">\n#top .av_textblock_section.av-jgds8wgh-7-2c15bddfb884801182d145524de99fa7 .avia_textblock{\ncolor:#ffffff;\n}\n<\/style>\n<section  class='av_textblock_section av-jgds8wgh-7-2c15bddfb884801182d145524de99fa7 '   itemscope=\"itemscope\" itemtype=\"https:\/\/schema.org\/CreativeWork\" ><div class='avia_textblock av_inherit_color'  itemprop=\"text\" ><p style=\"text-align: center;\">Lorem ipsum dolor sit amet, consectetuer adipiscing elit. Aenean commodo ligula eget dolor. Aenean massa. Cum sociis natoque penatibus et magnis dis parturient montes, nascetur ridiculus mus.<\/p>\n<\/div><\/section><br \/>\n\n<style type=\"text\/css\" data-created_by=\"avia_inline_auto\" id=\"style-css-av-jgf4q5kq-6-58e732b94300d224180769b0174eff03\">\n#top .hr.hr-invisible.av-jgf4q5kq-6-58e732b94300d224180769b0174eff03{\nheight:20px;\n}\n<\/style>\n<div  class='hr av-jgf4q5kq-6-58e732b94300d224180769b0174eff03 hr-invisible  avia-builder-el-18  el_after_av_textblock  el_before_av_button '><span class='hr-inner '><span class=\"hr-inner-style\"><\/span><\/span><\/div><br \/>\n<div  class='avia-button-wrap av-jgf4ovnq-3708030c253729aa4380424b08bbc956-wrap avia-button-center  avia-builder-el-19  el_after_av_hr  avia-builder-el-last '>\n<style type=\"text\/css\" data-created_by=\"avia_inline_auto\" id=\"style-css-av-jgf4ovnq-3708030c253729aa4380424b08bbc956\">\n#top #wrap_all .avia-button.av-jgf4ovnq-3708030c253729aa4380424b08bbc956{\nbackground-color:#ffffff;\nborder-color:#ffffff;\ncolor:#000000;\ntransition:all 0.4s ease-in-out;\n}\n#top #wrap_all .avia-button.av-jgf4ovnq-3708030c253729aa4380424b08bbc956 .avia-svg-icon svg:first-child{\nfill:#000000;\nstroke:#000000;\n}\n<\/style>\n<a href='https:\/\/ica-biuro.pl\/index.php\/about\/the-firm\/'  class='avia-button av-jgf4ovnq-3708030c253729aa4380424b08bbc956 av-link-btn avia-icon_select-yes-right-icon avia-size-large avia-position-center av-icon-on-hover'   aria-label=\"Dowiedz si\u0119 wi\u0119cej\"><span class='avia_iconbox_title' >Dowiedz si\u0119 wi\u0119cej<\/span><span class='avia_button_icon avia_button_icon_right avia-iconfont avia-font-entypo-fontello' data-av_icon='\ue879' data-av_iconfont='entypo-fontello' ><\/span><\/a><\/div><\/p><\/div><div class='av-flex-placeholder'><\/div>\n<style type=\"text\/css\" data-created_by=\"avia_inline_auto\" id=\"style-css-av-9wkhy-5-f7cc4c67c82ae40ebba4ced478c12fac\">\n#top .flex_column_table.av-equal-height-column-flextable.av-9wkhy-5-f7cc4c67c82ae40ebba4ced478c12fac{\nmargin-top:0px;\nmargin-bottom:0px;\n}\n.flex_column.av-9wkhy-5-f7cc4c67c82ae40ebba4ced478c12fac{\nborder-radius:3px 3px 3px 3px;\npadding:40px 40px 40px 40px;\nbackground-color:#094978;\nbackground:linear-gradient( to top right, #094978, #105e96 );\n}\n<\/style>\n<div  class='flex_column av-9wkhy-5-f7cc4c67c82ae40ebba4ced478c12fac av_one_half  avia-builder-el-20  el_after_av_one_half  avia-builder-el-last  flex_column_table_cell av-equal-height-column av-align-middle av-animated-generic left-to-right  '     ><p>\n<style type=\"text\/css\" data-created_by=\"avia_inline_auto\" id=\"style-css-av-jgf8v45f-4-8427e4a1cd0d1d45b3f2b526899da0c7\">\n.av_font_icon.av-jgf8v45f-4-8427e4a1cd0d1d45b3f2b526899da0c7{\ncolor:#ffffff;\nborder-color:#ffffff;\n}\n.avia-svg-icon.av-jgf8v45f-4-8427e4a1cd0d1d45b3f2b526899da0c7 svg:first-child{\nstroke:#ffffff;\nfill:#ffffff;\n}\n.av_font_icon.av-jgf8v45f-4-8427e4a1cd0d1d45b3f2b526899da0c7 .av-icon-char{\nfont-size:70px;\nline-height:70px;\n}\n<\/style>\n<span  class='av_font_icon av-jgf8v45f-4-8427e4a1cd0d1d45b3f2b526899da0c7 avia_animate_when_visible av-icon-style- avia-icon-pos-center avia-iconfont avia-font-justice avia-icon-animate'><span class='av-icon-char' data-av_icon='\uf111' data-av_iconfont='justice' aria-hidden=\"true\" ><\/span><\/span><br \/>\n\n<style type=\"text\/css\" data-created_by=\"avia_inline_auto\" id=\"style-css-av-8pnsa-f92b8aafa83d51319d2a3a34671e6ba5\">\n#top .av-special-heading.av-8pnsa-f92b8aafa83d51319d2a3a34671e6ba5{\nmargin:25px 0 0 0;\npadding-bottom:10px;\ncolor:#ffffff;\n}\nbody .av-special-heading.av-8pnsa-f92b8aafa83d51319d2a3a34671e6ba5 .av-special-heading-tag .heading-char{\nfont-size:25px;\n}\n.av-special-heading.av-8pnsa-f92b8aafa83d51319d2a3a34671e6ba5 .special-heading-inner-border{\nborder-color:#ffffff;\n}\n.av-special-heading.av-8pnsa-f92b8aafa83d51319d2a3a34671e6ba5 .av-subheading{\nfont-size:15px;\n}\n<\/style>\n<div  class='av-special-heading av-8pnsa-f92b8aafa83d51319d2a3a34671e6ba5 av-special-heading-h2 custom-color-heading blockquote modern-quote modern-centered  avia-builder-el-22  el_after_av_font_icon  el_before_av_textblock '><h2 class='av-special-heading-tag '  itemprop=\"headline\"  >Zesp\u00f3\u0142<\/h2><div class=\"special-heading-border\"><div class=\"special-heading-inner-border\"><\/div><\/div><\/div><br \/>\n\n<style type=\"text\/css\" data-created_by=\"avia_inline_auto\" id=\"style-css-av-jgds8wgh-3-61723020861842982875c8796e3dddc7\">\n#top .av_textblock_section.av-jgds8wgh-3-61723020861842982875c8796e3dddc7 .avia_textblock{\ncolor:#ffffff;\n}\n<\/style>\n<section  class='av_textblock_section av-jgds8wgh-3-61723020861842982875c8796e3dddc7 '   itemscope=\"itemscope\" itemtype=\"https:\/\/schema.org\/CreativeWork\" ><div class='avia_textblock av_inherit_color'  itemprop=\"text\" ><p style=\"text-align: center;\">Aenean commodo ligula eget dolor. Aenean massa. Cum sociis natoque penatibus et magnis dis parturient montes, nascetur ridiculus mus.\u00a0Lorem ipsum dolor sit amet, consectetuer adipiscing elit.<\/p>\n<\/div><\/section><br \/>\n\n<style type=\"text\/css\" data-created_by=\"avia_inline_auto\" id=\"style-css-av-jgf4q5kq-2-4baf297ec27791cef5fffde918efe070\">\n#top .hr.hr-invisible.av-jgf4q5kq-2-4baf297ec27791cef5fffde918efe070{\nheight:20px;\n}\n<\/style>\n<div  class='hr av-jgf4q5kq-2-4baf297ec27791cef5fffde918efe070 hr-invisible  avia-builder-el-24  el_after_av_textblock  el_before_av_button '><span class='hr-inner '><span class=\"hr-inner-style\"><\/span><\/span><\/div><br \/>\n<div  class='avia-button-wrap av-jgf4ovnq-1-ba7b989f5065c96cb6690a462c74f3b0-wrap avia-button-center  avia-builder-el-25  el_after_av_hr  avia-builder-el-last '>\n<style type=\"text\/css\" data-created_by=\"avia_inline_auto\" id=\"style-css-av-jgf4ovnq-1-ba7b989f5065c96cb6690a462c74f3b0\">\n#top #wrap_all .avia-button.av-jgf4ovnq-1-ba7b989f5065c96cb6690a462c74f3b0{\nbackground-color:#ffffff;\nborder-color:#ffffff;\ncolor:#000000;\ntransition:all 0.4s ease-in-out;\n}\n#top #wrap_all .avia-button.av-jgf4ovnq-1-ba7b989f5065c96cb6690a462c74f3b0 .avia-svg-icon svg:first-child{\nfill:#000000;\nstroke:#000000;\n}\n<\/style>\n<a href='https:\/\/ica-biuro.pl\/index.php\/about\/our-lawyers\/'  class='avia-button av-jgf4ovnq-1-ba7b989f5065c96cb6690a462c74f3b0 av-link-btn avia-icon_select-yes-right-icon avia-size-large avia-position-center av-icon-on-hover'   aria-label=\"Dowiedz si\u0119 wi\u0119cej\"><span class='avia_iconbox_title' >Dowiedz si\u0119 wi\u0119cej<\/span><span class='avia_button_icon avia_button_icon_right avia-iconfont avia-font-entypo-fontello' data-av_icon='\ue879' data-av_iconfont='entypo-fontello' ><\/span><\/a><\/div><\/p><\/div><\/div><!--close column table wrapper. Autoclose: 1 --><\/p>\n","protected":false},"excerpt":{"rendered":"","protected":false},"author":1,"featured_media":0,"parent":0,"menu_order":0,"comment_status":"open","ping_status":"open","template":"","meta":{"footnotes":""},"class_list":["post-154","page","type-page","status-publish","hentry"],"_links":{"self":[{"href":"https:\/\/ica-biuro.pl\/index.php\/wp-json\/wp\/v2\/pages\/154","targetHints":{"allow":["GET"]}}],"collection":[{"href":"https:\/\/ica-biuro.pl\/index.php\/wp-json\/wp\/v2\/pages"}],"about":[{"href":"https:\/\/ica-biuro.pl\/index.php\/wp-json\/wp\/v2\/types\/page"}],"author":[{"embeddable":true,"href":"https:\/\/ica-biuro.pl\/index.php\/wp-json\/wp\/v2\/users\/1"}],"replies":[{"embeddable":true,"href":"https:\/\/ica-biuro.pl\/index.php\/wp-json\/wp\/v2\/comments?post=154"}],"version-history":[{"count":4,"href":"https:\/\/ica-biuro.pl\/index.php\/wp-json\/wp\/v2\/pages\/154\/revisions"}],"predecessor-version":[{"id":911,"href":"https:\/\/ica-biuro.pl\/index.php\/wp-json\/wp\/v2\/pages\/154\/revisions\/911"}],"wp:attachment":[{"href":"https:\/\/ica-biuro.pl\/index.php\/wp-json\/wp\/v2\/media?parent=154"}],"curies":[{"name":"wp","href":"https:\/\/api.w.org\/{rel}","templated":true}]}}